= 266, -3*t + i + m = 4*i. Is t composite?
True
Suppose 0 = 7*h - 42491 - 35335. Let p = h - 7800. Suppose -3*a = 3*a - p. Is a a prime number?
False
Suppose -2*h + 417894 = -4*u, h - 835814 = -3*h - 5*u. Is h a prime number?
False
Let c(n) = -424*n - 12. Let s be c(-11). Suppose 0 = 4*i - s + 1512. Is i composite?
True
Let d(p) = 46*p**2 - 3*p + 56. Let g(w) = w**3 - 3*w**2 - 2*w + 15. Let u be g(0). Is d(u) prime?
False
Let c(a) = 62*a**2 + 20*a - 27. Let t be c(8). Suppose -t = -3*h - 4*b, -h + 1378 = -4*b + 9*b. Is h a prime number?
False
Let z = 170 + -110. Suppose 68*k - 65*k = z. Is (-11)/((-488)/(-830) + (-12)/k) a prime number?
False
Let w be -2 + -1 + 2 - -369. Suppose 26*j = -479 - 2355. Let o = w + j. Is o a composite number?
True
Let f(o) = 1074*o**2 + 139*o - 1455. Is f(10) a prime number?
False
Is (-20270672)/(-592) + (1 - 9/1) a composite number?
True
Let b = 357 - 353. Is b/12*15 - -2832 a composite number?
False
Suppose -1504*r + 745*r + 751*r = -4923784. Is r composite?
False
Let a(c) = 1473*c**3 - 6*c**2 - 7*c + 53. Is a(4) a prime number?
True
Is 7 + 5602336/56 + 4/14 prime?
True
Suppose -2*h - 9 = 3*g, -h + 6*h - g = 20. Suppose 2*c + 911 = -h*j + 2256, -2235 = -5*j - 2*c. Is j prime?
False
Suppose 2*u = 10 - 4, 5*x - u = 72. Let t be -2 + 5 - (-1 + 2). Suppose t*l - 305 = -x. Is l composite?
True
Suppose 15 = -3*g, 0 = 5*f - f - g + 179. Let a = f + -1300. Is ((-21)/28 - 1/(-4))*a composite?
False
Let o(x) = 22*x**2 + 117*x - 5. Is o(-12) a prime number?
True
Let m = 125208 - 16769. Is m composite?
False
Suppose n - 2*o - 183 = 0, n - 2*o - 174 = 3*o. Suppose 3*z - 2*z = 3*u + n, z = u + 199. Let j = z - -547. Is j composite?
False
Suppose 2*r - 4*p = 30762, p - 15396 = 5*r - 6*r. Is r composite?
False
Suppose 2*h - 13532 = 2*v, -3*v + 3915 = -h + 10675. Suppose -599*x + h = -598*x. Is x prime?
False
Let l = 15 - 13. Let n = 38 - 35. Is 2414*(35/30 - l/n) a composite number?
True
Suppose 2*w - 3002606 = -2*z, 303*z + 7506515 = 5*w + 307*z. Is w prime?
True
Let s(n) = 397*n + 9. Let u(o) = 1191*o + 23. Let q(d) = -11*s(d) + 4*u(d). Let v be 4 - 2 - 1 - -1. Is q(v) a composite number?
False
Let f(c) = -2*c**2 - 5*c + 12. Let r be f(-4). Suppose r = 9*q - 31355 - 10378. Is q a prime number?
True
Let q(z) = 383989*z**2 + 39*z - 41. Is q(1) a prime number?
True
Let w(u) = -4*u - 143. Let p be w(-37). Suppose 3*h - 2*c - 2196 = -3*c, 746 = h + p*c. Is h a prime number?
False
Is 1550892/16 + (-11)/(-44) a prime number?
True
Suppose -91*q + 5231856 = -992925 + 990916. Is q prime?
False
Let o = 17960 - 9827. Let y = 18722 - o. Is y prime?
True
Let w = -776465 + 1390732. Is w composite?
False
Let g(t) = 20*t**2 + 25*t - 62. Let b = 270 + -254. Is g(b) prime?
False
Suppose 137*j = -105*j + 798358. Is j a composite number?
False
Let z(y) = -y**2 - 5*y + 21. Let p be z(-8). Is (p - -1259) + (-12)/(-6) - -1 a composite number?
False
Suppose -14 = -4*n + 3*w, -3*n - 9*w - 2 = -5*w. Let y = 10 + -6. Suppose 1402 = n*u - y*v + 8*v, 3*v = -4*u + 2819. Is u composite?
True
Suppose -268 = -4*n - 0*n. Suppose -n*k + 329010 = -62*k. Is (k/(-4))/11*4/(-3) a composite number?
True
Let l(i) = -2*i**3 - 16*i**2 - 17. Suppose -4*x + 14*x + 130 = 0. Is l(x) a composite number?
True
Suppose 4*t + 7*m = 2*m + 793809, 198452 = t + m. Is t a composite number?
True
Let n(l) = 124487*l + 334. Is n(3) a prime number?
False
Let u(k) = -199*k + 40. Let i(v) = 2*v + 2. Let x(z) = 6*i(z) + u(z). Is x(-7) prime?
True
Let x = 298 - 293. Is 12304/x + (-45)/(-225) composite?
True
Let c = 69 + -66. Let k be (1/(-3))/(-3 - 78/(-27)). Suppose -2*s = -4*b - 1114, 0 = k*s + 2*s + c*b - 2746. Is s composite?
True
Let q(r) = -191*r**3 + r**2 - r - 3. Suppose -79 = -8*n + 7*n. Let y = 77 - n. Is q(y) a composite number?
False
Let l(x) = 27534*x**2 + 4*x - 5. Suppose 423*t = 426*t - 3. Is l(t) a prime number?
False
Let s(l) = -205*l - 9. Let u(c) be the third derivative of -103*c**4/24 - 5*c**3/6 - 4*c**2. Let a(z) = 6*s(z) - 11*u(z). Is a(-4) composite?
False
Suppose s + 3*s = -4. Let u be (-2)/s*3114/(-36). Let w = u - -358. Is w prime?
False
Is ((-9027)/391 - -23) + (-9092778)/(-46) composite?
True
Let z be (8/5)/(2995/(-600) - -5). Is (-106)/(-8)*(16/(-4) + z) composite?
True
Suppose 2*g = -5*b + 288591, -5*g - 57715 = -b - 7*g. Is b a composite number?
False
Let v = 1329 - 2168. Is (-3)/(6/v)*4 composite?
True
Let k(x) = -x**2 - 10*x + 9. Let f be k(-8). Let u = -23 + f. Is 1/u - (-6230)/28 prime?
True
Suppose 3*q + g = 357325, -5*q + 5*g + 595539 = 8*g. Is q a composite number?
True
Let w = -346 + 351. Suppose -c = 4*k - 2461, w*k - k + 4886 = 2*c. Is c composite?
True
Let p = -565 + 1250. Let y = 1012 - p. Let v = -10 + y. Is v a composite number?
False
Suppose -16455865 + 1251579 = -90*q + 44494784. Is q a composite number?
True
Let w(v) = 65*v**2 + 7*v + 4. Suppose 22*a + 55 = -55. Is w(a) prime?
False
Suppose -3*j = 8*g - 13*g + 424423, -3*j + 12 = 0. Is g a prime number?
False
Let s be (-46)/12 + 8/(-48) + -6. Let n(o) = 80*o + 52. Let i(f) = 20*f + 13. Let y(p) = -9*i(p) + 2*n(p). Is y(s) prime?
False
Let l(h) = 8*h**2 + 3*h - 26. Let o be l(-6). Let i = o + 15. Is i composite?
True
Let i = 539808 + -310261. Is i a prime number?
True
Let l(x) = 2*x**2 - 2*x - 7. Let v be (5 + -1 + 0)*(-1 + 0). Is l(v) a prime number?
False
Let f(z) = 13*z - 20. Suppose 2*i + 126 = -4*q, -5*q = -9*q + 4*i - 120. Let w = 40 + q. Is f(w) a composite number?
False
Let x be (4 + -4 - 1)*(3 + -3). Suppose -5*j - 10 = x, -4*j = -5*u - 5*j + 29613. Is u a prime number?
True
Let c be -10*(-1 + (-44)/(-8)). Is (-8)/(-60) - 0 - 86889/c composite?
False
Let a be 1 + 16/(-6)*90/20. Let b be ((-1)/(6/94))/(a/891). Suppose -4*m = -b - 287. Is m prime?
True
Suppose 890463 = 3*y + 197034. Is y a prime number?
False
Is (786803/(-14))/((-15)/210) a prime number?
True
Suppose 6*q - 2 + 14 = 0. Let p = q + -30. Let a = 115 + p. Is a composite?
False
Suppose -5*d + 4 = 4. Suppose 5*t + 5*f = 10, d*t = 2*t + 5*f + 5. Suppose -5*l - 3238 = -4*r, 0 = t*l - 0*l + 10. Is r composite?
True
Let c(a) = -50*a - 31. Let u be c(-2). Suppose u*k - 32981 = 56*k. Is k composite?
True
Suppose 4*u + 10048 = 3*w - 6447, 0 = 5*w - 2*u - 27515. Suppose 17*i - 1669 - w = 0. Is i a prime number?
False
Is (435277/8)/((-105)/(-840)) a prime number?
True
Let w be 0/(-3)*2/(-6). Suppose w = 3*u + 12 - 21. Is -634*u/(-3) - 0 composite?
True
Let k = 4267 - 20285. Let c = k + 26913. Is c a prime number?
False
Is (-10)/(1350/(-138006035)) + (-10)/(-135) a composite number?
True
Let g = 46 + -46. Suppose t + 3*t - 3908 = 0. Suppose g = 4*q - t + 133. Is q a composite number?
False
Let h(p) = p**2 + 14*p + 13. Let c be h(-17). Let m(s) = 6*s**2 + 3*s - 18. Let b be m(3). Let d = c - b. Is d prime?
True
Let q = 10071 - 4822. Is q - (-2)/(-14)*0 prime?
False
Let i(j) = -j**2 - 2*j + 120. Let h be i(-12). Suppose 6*y - 21921 - 109845 = h. Is y a prime number?
True
Suppose -3*g = 3*l - 27, 21*g = 19*g - l + 23. Suppose 4594 = s - h, 15*s + 5*h - 4612 = g*s. Is s prime?
True
Suppose -24983 - 98902 = -5*m. Suppose 5*g = -15, 3*s = -g - 3*g + m. Is s composite?
False
Let q be 3*(2 - 2 - 56/(-12)). Let m be (-2)/7 + 4148/q. Suppose -455 - m = -k. Is k prime?
True
Suppose -5*m - 3*l = -1214852, -2*m + 434543 + 51402 = -3*l. Is m prime?
True
Let l = 158340 - 97141. Is l prime?
False
Suppose 11*j + 1159 = -326. Let c = j - -124. Let o(g) = -52*g + 59. Is o(c) a prime number?
True
Suppose -69*s + 100*s - 474238 = 0. Is s a composite number?
True
Let w(r) be the third derivative of -r**8/6720 - r**7/420 - r**6/120 + r**5/20 + r**4/12 + 9*r**2. Let o(y) be the second derivative of w(y). Is o(-5) prime?
True
Let l be (-11642*(-4)/8)/((-3)/(-24)). Suppose -106*r + l = -98*r. Is r a composite number?
False
Let u(a) = -544*a**2 + 5*a - 42. Let q be u(5). Is q/(-5) + 210/(-525) a prime number?
False
Let g = 45 + -5. Is (105320/g)/(1/1) a composite number?
False
Let l(u) = 11*u + 33. Let k be l(7). Let n = -70 + k. Suppose -n = -r + 39. Is r a composite number?
False
Let n(o) = -15728*o**3 - 3*o**2 - 11*o - 9. Suppose -1 = 4*s - h, s - 5*h - 20 = 6*s. Is n(s) a composite number?
False
Suppose 3*g - 38737 = -2*b, 0*b + 4*b - 77477 = -3*g. Let z